{"id":414,"date":"2017-02-24T08:48:10","date_gmt":"2017-02-24T08:48:10","guid":{"rendered":"http:\/\/www.tior.ch\/webtior\/?page_id=414\/"},"modified":"2021-04-08T13:56:45","modified_gmt":"2021-04-08T13:56:45","slug":"energy-we-care","status":"publish","type":"page","link":"https:\/\/tior.ch\/webtior\/energy-we-care\/","title":{"rendered":"Energy we care"},"content":{"rendered":"<div class=\"wpb-content-wrapper\"><p>[vc_row type=&#8221;vc_default&#8221; full_width=&#8221;stretch_row&#8221; margin_top=&#8221;-50px&#8221; bg_type=&#8221;bg_color&#8221; bg_override=&#8221;ex-full&#8221; css=&#8221;.vc_custom_1490098472764{margin-bottom: -70px !important;padding-top: 0px !important;}&#8221; bg_color_value=&#8221;#abdbef&#8221;][vc_column css=&#8221;.vc_custom_1487926303029{margin-top: 0px !important;padding-top: 0px !important;}&#8221;][rev_slider_vc alias=&#8221;we-care&#8221;][vc_row_inner css=&#8221;.vc_custom_1487926460454{padding-right: 15px !important;padding-left: 15px !important;background-color: #ffffff !important;border-radius: 5px !important;}&#8221;][vc_column_inner width=&#8221;1\/2&#8243;][vc_column_text]\u201cEnergy, we care!\u201d. Si pu\u00f2 riassumere in questo semplice slogan il costante impegno di FOFT e TIOR a favore dell\u2019ambiente e del territorio. Un impegno a favore di una sempre pi\u00f9 marcata sensibilit\u00e0 ambientale che si traduce oggi anche a livello visivo con un apposito \u201cmarchio\u201d e una campagna mediatica; strumenti utilizzati per far conoscere al grande pubblico non solo la filosofia aziendale a favore delle energie rinnovabili, ma anche ogni singolo passo compiuto negli anni dalla FOFT e dai propri soci.\u00a0Tappe pi\u00f9 significative di questo cammino \u201cverde\u201d sono state:<\/p>\n<p><em><strong>\u2022 2008<\/strong><\/em> \u2013 Costruzione della nuova Centrale di distribuzione FOFT a Cadenazzo con l\u2019utilizzo di soluzioni architettoniche particolari e di materiali il pi\u00f9 ecologici possibili come il legno.<br \/>\n<em><strong>\u2022 2013<\/strong><\/em> \u2013 Allacciamento di diverse aziende agricole al \u201cTeleriscaldamento del Bellinzonese\u201d[\/vc_column_text][\/vc_column_inner][vc_column_inner width=&#8221;1\/2&#8243;][vc_column_text]<em><strong>\u2022\u00a02014<\/strong><\/em> \u2013 Posa impianto di pannelli fotovoltaici sul tetto della Centrale FOFT<br \/>\n<em><strong>\u2022 2015<\/strong><\/em> \u2013 Costruzione nella Centrale di distribuzione FOFT di un sistema automatico a pavimento per il recupero degli scarti di lavorazione, da destinare all\u2019impianto Biogas Piano di Magadino.<br \/>\n<em>\u2022\u00a0<strong>2016\u00a0<\/strong><\/em>\u2013\u00a0Realizzazione di un marchio per la promozione delle attivit\u00e0 ecologiche di FOFT e TIOR &#8211; &#8220;Energy We Care&#8221;.<br \/>\n<em><strong>\u2022 2020<\/strong><\/em> \u2013 Studio e progetto di innovazioni tecnologiche sostenibili per la coltivazione in serra.<\/p>\n<p>La riduzione dell\u2019impiego di energie fossili e una rinnovata sensibilit\u00e0 ambientale passano anche attraverso metodi sempre pi\u00f9 rispettosi dell\u2019ambiente, la raccolta differenziata (carta, plastica, PET, vetro, vegetali, alu), l\u2019utilizzo di carta riciclata FSC (Forest Stewardship Council) e la razionalizzazione dei processi produttivi e di gestione dei flussi di lavoro e della produzione (gestione delle colture).[\/vc_column_text][\/vc_column_inner][\/vc_row_inner][vc_row_inner equal_height=&#8221;yes&#8221; content_placement=&#8221;middle&#8221;][vc_column_inner width=&#8221;1\/3&#8243;][vc_single_image image=&#8221;2163&#8243; img_size=&#8221;full&#8221; alignment=&#8221;center&#8221; image_hovers=&#8221;false&#8221;][\/vc_column_inner][vc_column_inner width=&#8221;2\/3&#8243;][vc_single_image image=&#8221;435&#8243; img_size=&#8221;full&#8221; alignment=&#8221;center&#8221; image_hovers=&#8221;false&#8221;][\/vc_column_inner][\/vc_row_inner][vc_row_inner][vc_column_inner width=&#8221;1\/2&#8243;][vc_column_text]Il \u201cTeleriscaldamento del Bellinzonese\u201d \u2013 inaugurato nel 2013 \u2013 \u00e8 un progetto voluto da Teris SA, societ\u00e0 che nasce dalla collaborazione tra l\u2019Azienda Elettrica Ticinese (AET), l\u2019Azienda Cantonale dei Rifiuti (ACR) e il Comune di Giubiasco. L\u2019obiettivo \u00e8 quello di portare il calore nella regione recuperando e valorizzando al meglio l\u2019energia prodotta dalla termovalorizzazione dei rifiuti da parte dell\u2019Impianto Cantonale di Termovalorizzazione dei Rifiuti (ICTR) di Giubiasco.<br \/>\nIl teleriscaldamento \u00e8 un sistema di riscaldamento urbano costituito da una rete di tubazioni, isolate e interrate, per la distribuzione del calore sotto forma di acqua calda prodotto da un unico impianto centrale, con destinazione residenziale, commerciale, ospedaliera, artigianale o industriale\u00a0(ulteriori informazioni: <a href=\"http:\/\/www.teris.ch\/\" target=\"_blank\" rel=\"noopener\">www.teris.ch<\/a>).[\/vc_column_text][\/vc_column_inner][vc_column_inner width=&#8221;1\/2&#8243;][vc_column_text]Nell\u2019ambito della valorizzazione delle energie rinnovabili, soprattutto se di origine locale, diverse aziende agricole associate alla FOFT hanno deciso di utilizzare il teleriscaldamento per scaldare le proprie serre. Il bilancio ambientale \u00e8 particolarmente interessante, perch\u00e9 queste aziende sono utilizzatori secondari e valorizzano il calore residuo nella condotta di ritorno di utenti industriali prioritari che necessitano di temperature maggiori.<br \/>\nUlteriori aspetti positivi sono il non impiego di combustibili fossili e la sicurezza nell\u2019approvvigionamento energetico.[\/vc_column_text][\/vc_column_inner][\/vc_row_inner][vc_row_inner equal_height=&#8221;yes&#8221; content_placement=&#8221;middle&#8221;][vc_column_inner width=&#8221;2\/3&#8243;][vc_single_image image=&#8221;444&#8243; img_size=&#8221;full&#8221; alignment=&#8221;center&#8221; image_hovers=&#8221;false&#8221;][\/vc_column_inner][vc_column_inner width=&#8221;1\/3&#8243;][vc_single_image image=&#8221;441&#8243; img_size=&#8221;full&#8221; alignment=&#8221;center&#8221; image_hovers=&#8221;false&#8221;][\/vc_column_inner][\/vc_row_inner][vc_row_inner][vc_column_inner width=&#8221;1\/2&#8243;][vc_column_text]Nell\u2019ambito delle strategie e dei progetti rispettosi dell\u2019ambiente e del territorio, risorse preziose per il settore orticolo, si inserisce anche l\u2019impianto fotovoltaico realizzato nel 2014 sul tetto della centrale di distribuzione FOFT a Cadenazzo. Quella della posa di panelli solari, difatti, era una delle priorit\u00e0 fissate sin dal 2008, anno di costruzione della Centrale di distribuzione. Altri impianti fotovoltaici sono presenti in diverse aziende dei soci produttori; ci\u00f2 che testimonia la volont\u00e0 comune del settore di imboccare con decisione un percorso \u201cvirtuoso\u201d di sviluppo delle energie rinnovabili.[\/vc_column_text][\/vc_column_inner][vc_column_inner width=&#8221;1\/2&#8243;][vc_column_text]L\u2019impianto messo in esercizio il 9 agosto 2014 da Agere SA di Chiasso (<a href=\"http:\/\/www.age-re.ch\/\" target=\"_blank\" rel=\"noopener\">www.age-re.ch<\/a>) \u00e8 composto da 1.344 moduli da 255 Wp (342.72 kwp installati) che producono annualmente 375\u2019371 kwh con una produzione specifica di 1095 kwh\/kwp. L\u2019energia prodotta dall\u2019impianto, copre quasi il 50% del fabbisogno energetico della FOFT. Agere SA \u00e8 una societ\u00e0 fondata a Chiasso nel 2008, con l\u2019obiettivo di sviluppare impianti fotovoltaici in Ticino.[\/vc_column_text][\/vc_column_inner][\/vc_row_inner][vc_row_inner equal_height=&#8221;yes&#8221; content_placement=&#8221;middle&#8221;][vc_column_inner width=&#8221;1\/3&#8243;][vc_single_image image=&#8221;447&#8243; img_size=&#8221;full&#8221; alignment=&#8221;center&#8221; image_hovers=&#8221;false&#8221;][\/vc_column_inner][vc_column_inner width=&#8221;2\/3&#8243;][vc_single_image image=&#8221;450&#8243; img_size=&#8221;full&#8221; alignment=&#8221;center&#8221; image_hovers=&#8221;false&#8221;][\/vc_column_inner][\/vc_row_inner][vc_row_inner][vc_column_inner width=&#8221;1\/2&#8243;][vc_column_text]Dal 2015 la Centrale di distribuzione FOFT si \u00e8 dotata di un moderno impianto per eliminare in modo ecologico gli scarti della lavorazione delle verdure. Tali scarti sono recuperati in modo automatico da una serie di canali a vite continua collocati a pavimento lungo tutte le stazioni di lavorazione degli ortaggi. Dai canali gli scarti giungono a uno speciale mulino che li tritura e li trasforma in poltiglia. Tramite cisterne la massa viene trasportata all\u2019impianto Biogas Ticino SA, situato nella zona industriale di Cadenazzo. La fermentazione mesofila 37\u00b0\/ 39\u00b0 avviene nel digestore producendo Gas Naturale (metano); il motore da 330 Kw produce la corrente elettrica equivalente al consumo di 500 unit\u00e0 abitative e calore utilizzato nell\u2019essicazione di legna.[\/vc_column_text][\/vc_column_inner][vc_column_inner width=&#8221;1\/2&#8243;][vc_column_text]L\u2019energia elettrica viene immessa nella rete elettrica e venduta come energia verde; dalla \u201cdigestione\u201d ne esce un ammendante di alta qualit\u00e0 arricchito, utilizzato per la fertilizzazione dei campi, migliorandone cos\u00ec struttura e fertilit\u00e0.<br \/>\nIl primo impianto di biogas in Ticino \u00e8 stato inaugurato nel 2011 da \u201csol-E Suisse SA\u201d \u2013 affiliata della societ\u00e0 bernese BKW FMB Energie SA \u2013 con i partner Masseria Ramello e Orticola Bassi SA.[\/vc_column_text][\/vc_column_inner][\/vc_row_inner][\/vc_column][\/vc_row]<\/p>\n<\/div>","protected":false},"excerpt":{"rendered":"<p>[vc_row type=&#8221;vc_default&#8221; full_width=&#8221;stretch_row&#8221; margin_top=&#8221;-50px&#8221; bg_type=&#8221;bg_color&#8221; bg_override=&#8221;ex-full&#8221; css=&#8221;.vc_custom_1490098472764{margin-bottom: -70px !important;padding-top: 0px !important;}&#8221; bg_color_value=&#8221;#abdbef&#8221;][vc_column css=&#8221;.vc_custom_1487926303029{margin-top: 0px !important;padding-top: 0px !important;}&#8221;][rev_slider_vc alias=&#8221;we-care&#8221;][vc_row_inner css=&#8221;.vc_custom_1487926460454{padding-right: 15px !important;padding-left: 15px !important;background-color: #ffffff !important;border-radius: 5px !important;}&#8221;][vc_column_inner width=&#8221;1\/2&#8243;][vc_column_text]\u201cEnergy, we care!\u201d. Si pu\u00f2 riassumere in questo semplice slogan il costante impegno di FOFT e TIOR a favore dell\u2019ambiente e del territorio. Un impegno a favore di&hellip;<\/p>\n","protected":false},"author":1,"featured_media":0,"parent":0,"menu_order":0,"comment_status":"closed","ping_status":"closed","template":"","meta":{"footnotes":""},"class_list":["post-414","page","type-page","status-publish","hentry","description-off"],"_links":{"self":[{"href":"https:\/\/tior.ch\/webtior\/wp-json\/wp\/v2\/pages\/414","targetHints":{"allow":["GET"]}}],"collection":[{"href":"https:\/\/tior.ch\/webtior\/wp-json\/wp\/v2\/pages"}],"about":[{"href":"https:\/\/tior.ch\/webtior\/wp-json\/wp\/v2\/types\/page"}],"author":[{"embeddable":true,"href":"https:\/\/tior.ch\/webtior\/wp-json\/wp\/v2\/users\/1"}],"replies":[{"embeddable":true,"href":"https:\/\/tior.ch\/webtior\/wp-json\/wp\/v2\/comments?post=414"}],"version-history":[{"count":20,"href":"https:\/\/tior.ch\/webtior\/wp-json\/wp\/v2\/pages\/414\/revisions"}],"predecessor-version":[{"id":3660,"href":"https:\/\/tior.ch\/webtior\/wp-json\/wp\/v2\/pages\/414\/revisions\/3660"}],"wp:attachment":[{"href":"https:\/\/tior.ch\/webtior\/wp-json\/wp\/v2\/media?parent=414"}],"curies":[{"name":"wp","href":"https:\/\/api.w.org\/{rel}","templated":true}]}}

<div class="wpb-content-wrapper"><p>[vc_row type=&#8221;vc_default&#8221; full_width=&#8221;stretch_row&#8221; margin_top=&#8221;-50px&#8221; bg_type=&#8221;bg_color&#8221; bg_override=&#8221;ex-full&#8221; css=&#8221;.vc_custom_1490098472764{margin-bottom: -70px !important;padding-top: 0px !important;}&#8221; bg_color_value=&#8221;#abdbef&#8221;][vc_column css=&#8221;.vc_custom_1487926303029{margin-top: 0px !important;padding-top: 0px !important;}&#8221;][rev_slider_vc alias=&#8221;we-care&#8221;][vc_row_inner css=&#8221;.vc_custom_1487926460454{padding-right: 15px !important;padding-left: 15px !important;background-color: #ffffff !important;border-radius: 5px !important;}&#8221;][vc_column_inner width=&#8221;1/2&#8243;][vc_column_text]“Energy, we care!”. Si può riassumere in questo semplice slogan il costante impegno di FOFT e TIOR a favore dell’ambiente e del territorio. Un impegno a favore di una sempre più marcata sensibilità ambientale che si traduce oggi anche a livello visivo con un apposito “marchio” e una campagna mediatica; strumenti utilizzati per far conoscere al grande pubblico non solo la filosofia aziendale a favore delle energie rinnovabili, ma anche ogni singolo passo compiuto negli anni dalla FOFT e dai propri soci. Tappe più significative di questo cammino “verde” sono state:</p>
<p><em><strong>• 2008</strong></em> – Costruzione della nuova Centrale di distribuzione FOFT a Cadenazzo con l’utilizzo di soluzioni architettoniche particolari e di materiali il più ecologici possibili come il legno.<br />
<em><strong>• 2013</strong></em> – Allacciamento di diverse aziende agricole al “Teleriscaldamento del Bellinzonese”[/vc_column_text][/vc_column_inner][vc_column_inner width=&#8221;1/2&#8243;][vc_column_text]<em><strong>• 2014</strong></em> – Posa impianto di pannelli fotovoltaici sul tetto della Centrale FOFT<br />
<em><strong>• 2015</strong></em> – Costruzione nella Centrale di distribuzione FOFT di un sistema automatico a pavimento per il recupero degli scarti di lavorazione, da destinare all’impianto Biogas Piano di Magadino.<br />
<em>• <strong>2016 </strong></em>– Realizzazione di un marchio per la promozione delle attività ecologiche di FOFT e TIOR &#8211; &#8220;Energy We Care&#8221;.<br />
<em><strong>• 2020</strong></em> – Studio e progetto di innovazioni tecnologiche sostenibili per la coltivazione in serra.</p>
<p>La riduzione dell’impiego di energie fossili e una rinnovata sensibilità ambientale passano anche attraverso metodi sempre più rispettosi dell’ambiente, la raccolta differenziata (carta, plastica, PET, vetro, vegetali, alu), l’utilizzo di carta riciclata FSC (Forest Stewardship Council) e la razionalizzazione dei processi produttivi e di gestione dei flussi di lavoro e della produzione (gestione delle colture).[/vc_column_text][/vc_column_inner][/vc_row_inner][vc_row_inner equal_height=&#8221;yes&#8221; content_placement=&#8221;middle&#8221;][vc_column_inner width=&#8221;1/3&#8243;][vc_single_image image=&#8221;2163&#8243; img_size=&#8221;full&#8221; alignment=&#8221;center&#8221; image_hovers=&#8221;false&#8221;][/vc_column_inner][vc_column_inner width=&#8221;2/3&#8243;][vc_single_image image=&#8221;435&#8243; img_size=&#8221;full&#8221; alignment=&#8221;center&#8221; image_hovers=&#8221;false&#8221;][/vc_column_inner][/vc_row_inner][vc_row_inner][vc_column_inner width=&#8221;1/2&#8243;][vc_column_text]Il “Teleriscaldamento del Bellinzonese” – inaugurato nel 2013 – è un progetto voluto da Teris SA, società che nasce dalla collaborazione tra l’Azienda Elettrica Ticinese (AET), l’Azienda Cantonale dei Rifiuti (ACR) e il Comune di Giubiasco. L’obiettivo è quello di portare il calore nella regione recuperando e valorizzando al meglio l’energia prodotta dalla termovalorizzazione dei rifiuti da parte dell’Impianto Cantonale di Termovalorizzazione dei Rifiuti (ICTR) di Giubiasco.<br />
Il teleriscaldamento è un sistema di riscaldamento urbano costituito da una rete di tubazioni, isolate e interrate, per la distribuzione del calore sotto forma di acqua calda prodotto da un unico impianto centrale, con destinazione residenziale, commerciale, ospedaliera, artigianale o industriale (ulteriori informazioni: <a href="http://www.teris.ch/" target="_blank" rel="noopener">www.teris.ch</a>).[/vc_column_text][/vc_column_inner][vc_column_inner width=&#8221;1/2&#8243;][vc_column_text]Nell’ambito della valorizzazione delle energie rinnovabili, soprattutto se di origine locale, diverse aziende agricole associate alla FOFT hanno deciso di utilizzare il teleriscaldamento per scaldare le proprie serre. Il bilancio ambientale è particolarmente interessante, perché queste aziende sono utilizzatori secondari e valorizzano il calore residuo nella condotta di ritorno di utenti industriali prioritari che necessitano di temperature maggiori.<br />
Ulteriori aspetti positivi sono il non impiego di combustibili fossili e la sicurezza nell’approvvigionamento energetico.[/vc_column_text][/vc_column_inner][/vc_row_inner][vc_row_inner equal_height=&#8221;yes&#8221; content_placement=&#8221;middle&#8221;][vc_column_inner width=&#8221;2/3&#8243;][vc_single_image image=&#8221;444&#8243; img_size=&#8221;full&#8221; alignment=&#8221;center&#8221; image_hovers=&#8221;false&#8221;][/vc_column_inner][vc_column_inner width=&#8221;1/3&#8243;][vc_single_image image=&#8221;441&#8243; img_size=&#8221;full&#8221; alignment=&#8221;center&#8221; image_hovers=&#8221;false&#8221;][/vc_column_inner][/vc_row_inner][vc_row_inner][vc_column_inner width=&#8221;1/2&#8243;][vc_column_text]Nell’ambito delle strategie e dei progetti rispettosi dell’ambiente e del territorio, risorse preziose per il settore orticolo, si inserisce anche l’impianto fotovoltaico realizzato nel 2014 sul tetto della centrale di distribuzione FOFT a Cadenazzo. Quella della posa di panelli solari, difatti, era una delle priorità fissate sin dal 2008, anno di costruzione della Centrale di distribuzione. Altri impianti fotovoltaici sono presenti in diverse aziende dei soci produttori; ciò che testimonia la volontà comune del settore di imboccare con decisione un percorso “virtuoso” di sviluppo delle energie rinnovabili.[/vc_column_text][/vc_column_inner][vc_column_inner width=&#8221;1/2&#8243;][vc_column_text]L’impianto messo in esercizio il 9 agosto 2014 da Agere SA di Chiasso (<a href="http://www.age-re.ch/" target="_blank" rel="noopener">www.age-re.ch</a>) è composto da 1.344 moduli da 255 Wp (342.72 kwp installati) che producono annualmente 375’371 kwh con una produzione specifica di 1095 kwh/kwp. L’energia prodotta dall’impianto, copre quasi il 50% del fabbisogno energetico della FOFT. Agere SA è una società fondata a Chiasso nel 2008, con l’obiettivo di sviluppare impianti fotovoltaici in Ticino.[/vc_column_text][/vc_column_inner][/vc_row_inner][vc_row_inner equal_height=&#8221;yes&#8221; content_placement=&#8221;middle&#8221;][vc_column_inner width=&#8221;1/3&#8243;][vc_single_image image=&#8221;447&#8243; img_size=&#8221;full&#8221; alignment=&#8221;center&#8221; image_hovers=&#8221;false&#8221;][/vc_column_inner][vc_column_inner width=&#8221;2/3&#8243;][vc_single_image image=&#8221;450&#8243; img_size=&#8221;full&#8221; alignment=&#8221;center&#8221; image_hovers=&#8221;false&#8221;][/vc_column_inner][/vc_row_inner][vc_row_inner][vc_column_inner width=&#8221;1/2&#8243;][vc_column_text]Dal 2015 la Centrale di distribuzione FOFT si è dotata di un moderno impianto per eliminare in modo ecologico gli scarti della lavorazione delle verdure. Tali scarti sono recuperati in modo automatico da una serie di canali a vite continua collocati a pavimento lungo tutte le stazioni di lavorazione degli ortaggi. Dai canali gli scarti giungono a uno speciale mulino che li tritura e li trasforma in poltiglia. Tramite cisterne la massa viene trasportata all’impianto Biogas Ticino SA, situato nella zona industriale di Cadenazzo. La fermentazione mesofila 37°/ 39° avviene nel digestore producendo Gas Naturale (metano); il motore da 330 Kw produce la corrente elettrica equivalente al consumo di 500 unità abitative e calore utilizzato nell’essicazione di legna.[/vc_column_text][/vc_column_inner][vc_column_inner width=&#8221;1/2&#8243;][vc_column_text]L’energia elettrica viene immessa nella rete elettrica e venduta come energia verde; dalla “digestione” ne esce un ammendante di alta qualità arricchito, utilizzato per la fertilizzazione dei campi, migliorandone così struttura e fertilità.<br />
Il primo impianto di biogas in Ticino è stato inaugurato nel 2011 da “sol-E Suisse SA” – affiliata della società bernese BKW FMB Energie SA – con i partner Masseria Ramello e Orticola Bassi SA.[/vc_column_text][/vc_column_inner][/vc_row_inner][/vc_column][/vc_row]</p>
</div>

<p>[vc_row type=&#8221;vc_default&#8221; full_width=&#8221;stretch_row&#8221; margin_top=&#8221;-50px&#8221; bg_type=&#8221;bg_color&#8221; bg_override=&#8221;ex-full&#8221; css=&#8221;.vc_custom_1490098472764{margin-bottom: -70px !important;padding-top: 0px !important;}&#8221; bg_color_value=&#8221;#abdbef&#8221;][vc_column css=&#8221;.vc_custom_1487926303029{margin-top: 0px !important;padding-top: 0px !important;}&#8221;][rev_slider_vc alias=&#8221;we-care&#8221;][vc_row_inner css=&#8221;.vc_custom_1487926460454{padding-right: 15px !important;padding-left: 15px !important;background-color: #ffffff !important;border-radius: 5px !important;}&#8221;][vc_column_inner width=&#8221;1/2&#8243;][vc_column_text]“Energy, we care!”. Si può riassumere in questo semplice slogan il costante impegno di FOFT e TIOR a favore dell’ambiente e del territorio. Un impegno a favore di&hellip;</p>
